{"id":113,"date":"2024-03-06T19:40:54","date_gmt":"2024-03-06T19:40:54","guid":{"rendered":"https:\/\/green-yak-846361.hostingersite.com\/?post_type=product&#038;p=113"},"modified":"2024-03-06T19:40:55","modified_gmt":"2024-03-06T19:40:55","slug":"educacao-especial-transtorno-do-espectro-autista-tea","status":"publish","type":"product","link":"https:\/\/educa4.com.br\/index.php\/produto\/educacao-especial-transtorno-do-espectro-autista-tea\/","title":{"rendered":"Educa\u00e7\u00e3o Especial : Transtorno do Espectro Autista (TEA)"},"content":{"rendered":"<p>Sobre o curso<br \/>\nO acesso de pessoas com Transtorno do Espectro Autista (TEA) \u00e0s institui\u00e7\u00f5es de educa\u00e7\u00e3o profissional foi tornando-se mais acess\u00edvel com a ado\u00e7\u00e3o do princ\u00edpio da educa\u00e7\u00e3o inclusiva. Assim, o curso de p\u00f3s-gradua\u00e7\u00e3o em Educa\u00e7\u00e3o Especial: Transtorno do Espectro Autista oferece conhecimentos e habilidades espec\u00edficas para capacitar profissionais a atenderem de forma adequada e inclusiva \u00e0s necessidades das pessoas com TEA.<br \/>\nCom uma p\u00f3s-gradua\u00e7\u00e3o em Educa\u00e7\u00e3o Especial: Transtorno do Espectro Autista, voc\u00ea estar\u00e1 apto para atuar em escolas inclusivas, cl\u00ednicas especializadas, centros de reabilita\u00e7\u00e3o e organiza\u00e7\u00f5es voltadas para o suporte e inclus\u00e3o de pessoas com TEA.<\/p>\n<p>&nbsp;<\/p>\n<p>1\u00ba M\u00f3dulo<\/p>\n<p>&#8211; TRANSTORNO DO ESPECTRO AUTISTA AL\u00c9M DA INF\u00c2NCIA<br \/>\n&#8211; T\u00d3PICOS ESPECIAIS EM EDUCA\u00c7\u00c3O DE JOVENS E ADULTOS<br \/>\n&#8211; COMUNICA\u00c7\u00c3O ALTERNATIVA NO TEA<\/p>\n<p>2\u00ba M\u00f3dulo<\/p>\n<p>&#8211; ATENDIMENTO EDUCACIONAL ESPECIALIZADO E O PROCESSO DE INCLUS\u00c3O<br \/>\n&#8211; INTRODU\u00c7\u00c3O AO TRANSTORNO DO ESPECTRO AUTISTA<\/p>\n<p>3\u00ba M\u00f3dulo<\/p>\n<p>&#8211; INTERVEN\u00c7\u00c3O FAMILIAR: CUIDADO E INTERA\u00c7\u00c3O<br \/>\n&#8211; DIAGN\u00d3STICO E INTERVEN\u00c7\u00c3O NO TRANSTORNO DO ESPECTRO AUTISTA<\/p>\n<p>4\u00ba M\u00f3dulo<\/p>\n<p>&#8211; M\u00c9TODOS E PR\u00c1TICAS DE APRENDIZAGEM PARA O TEA<br \/>\n&#8211; INTEGRA\u00c7\u00c3O SENSORIAL<\/p>\n","protected":false},"excerpt":{"rendered":"<p>Sobre o curso O acesso de pessoas com Transtorno do Espectro Autista (TEA) \u00e0s institui\u00e7\u00f5es de educa\u00e7\u00e3o profissional foi tornando-se mais acess\u00edvel com a ado\u00e7\u00e3o do princ\u00edpio da educa\u00e7\u00e3o inclusiva. Assim, o curso de p\u00f3s-gradua\u00e7\u00e3o em Educa\u00e7\u00e3o Especial: Transtorno do &hellip; <a href=\"https:\/\/educa4.com.br\/index.php\/produto\/educacao-especial-transtorno-do-espectro-autista-tea\/\">Conte\u00fado<\/a><\/p>\n","protected":false},"featured_media":114,"comment_status":"open","ping_status":"closed","template":"","meta":[],"product_brand":[],"product_cat":[21],"product_tag":[],"class_list":{"0":"post-113","1":"product","2":"type-product","3":"status-publish","4":"has-post-thumbnail","6":"product_cat-educacao","8":"first","9":"instock","10":"shipping-taxable","11":"product-type-simple"},"yoast_head":"<!-- This site is optimized with the Yoast SEO plugin v26.2 - https:\/\/yoast.com\/wordpress\/plugins\/seo\/ -->\n<title>Educa\u00e7\u00e3o Especial : Transtorno do Espectro Autista (TEA) - Educa 4<\/title>\n<meta name=\"robots\" content=\"noindex, follow, max-snippet:-1, max-image-preview:large, max-video-preview:-1\" \/>\n<meta property=\"og:locale\" content=\"pt_BR\" \/>\n<meta property=\"og:type\" content=\"article\" \/>\n<meta property=\"og:title\" content=\"Educa\u00e7\u00e3o Especial : Transtorno do Espectro Autista (TEA) - Educa 4\" \/>\n<meta property=\"og:description\" content=\"Sobre o curso O acesso de pessoas com Transtorno do Espectro Autista (TEA) \u00e0s institui\u00e7\u00f5es de educa\u00e7\u00e3o profissional foi tornando-se mais acess\u00edvel com a ado\u00e7\u00e3o do princ\u00edpio da educa\u00e7\u00e3o inclusiva. Assim, o curso de p\u00f3s-gradua\u00e7\u00e3o em Educa\u00e7\u00e3o Especial: Transtorno do &hellip; Conte\u00fado\" \/>\n<meta property=\"og:url\" content=\"https:\/\/educa4.com.br\/index.php\/produto\/educacao-especial-transtorno-do-espectro-autista-tea\/\" \/>\n<meta property=\"og:site_name\" content=\"Educa 4\" \/>\n<meta property=\"article:modified_time\" content=\"2024-03-06T19:40:55+00:00\" \/>\n<meta property=\"og:image\" content=\"https:\/\/educa4.com.br\/wp-content\/uploads\/2024\/03\/fde5d80a-e2c7-46f7-8cbd-e9dab237b10c.jpg\" \/>\n\t<meta property=\"og:image:width\" content=\"1080\" \/>\n\t<meta property=\"og:image:height\" content=\"1080\" \/>\n\t<meta property=\"og:image:type\" content=\"image\/jpeg\" \/>\n<meta name=\"twitter:card\" content=\"summary_large_image\" \/>\n<meta name=\"twitter:label1\" content=\"Est. tempo de leitura\" \/>\n\t<meta name=\"twitter:data1\" content=\"1 minuto\" \/>\n<script type=\"application\/ld+json\" class=\"yoast-schema-graph\">{\"@context\":\"https:\/\/schema.org\",\"@graph\":[{\"@type\":\"WebPage\",\"@id\":\"https:\/\/educa4.com.br\/index.php\/produto\/educacao-especial-transtorno-do-espectro-autista-tea\/\",\"url\":\"https:\/\/educa4.com.br\/index.php\/produto\/educacao-especial-transtorno-do-espectro-autista-tea\/\",\"name\":\"Educa\u00e7\u00e3o Especial : Transtorno do Espectro Autista (TEA) - Educa 4\",\"isPartOf\":{\"@id\":\"https:\/\/educa4.com.br\/#website\"},\"primaryImageOfPage\":{\"@id\":\"https:\/\/educa4.com.br\/index.php\/produto\/educacao-especial-transtorno-do-espectro-autista-tea\/#primaryimage\"},\"image\":{\"@id\":\"https:\/\/educa4.com.br\/index.php\/produto\/educacao-especial-transtorno-do-espectro-autista-tea\/#primaryimage\"},\"thumbnailUrl\":\"https:\/\/educa4.com.br\/wp-content\/uploads\/2024\/03\/fde5d80a-e2c7-46f7-8cbd-e9dab237b10c.jpg\",\"datePublished\":\"2024-03-06T19:40:54+00:00\",\"dateModified\":\"2024-03-06T19:40:55+00:00\",\"breadcrumb\":{\"@id\":\"https:\/\/educa4.com.br\/index.php\/produto\/educacao-especial-transtorno-do-espectro-autista-tea\/#breadcrumb\"},\"inLanguage\":\"pt-BR\",\"potentialAction\":[{\"@type\":\"ReadAction\",\"target\":[\"https:\/\/educa4.com.br\/index.php\/produto\/educacao-especial-transtorno-do-espectro-autista-tea\/\"]}]},{\"@type\":\"ImageObject\",\"inLanguage\":\"pt-BR\",\"@id\":\"https:\/\/educa4.com.br\/index.php\/produto\/educacao-especial-transtorno-do-espectro-autista-tea\/#primaryimage\",\"url\":\"https:\/\/educa4.com.br\/wp-content\/uploads\/2024\/03\/fde5d80a-e2c7-46f7-8cbd-e9dab237b10c.jpg\",\"contentUrl\":\"https:\/\/educa4.com.br\/wp-content\/uploads\/2024\/03\/fde5d80a-e2c7-46f7-8cbd-e9dab237b10c.jpg\",\"width\":1080,\"height\":1080},{\"@type\":\"BreadcrumbList\",\"@id\":\"https:\/\/educa4.com.br\/index.php\/produto\/educacao-especial-transtorno-do-espectro-autista-tea\/#breadcrumb\",\"itemListElement\":[{\"@type\":\"ListItem\",\"position\":1,\"name\":\"Home\",\"item\":\"https:\/\/educa4.com.br\/\"},{\"@type\":\"ListItem\",\"position\":2,\"name\":\"Loja\",\"item\":\"https:\/\/educa4.com.br\/index.php\/loja\/\"},{\"@type\":\"ListItem\",\"position\":3,\"name\":\"Educa\u00e7\u00e3o Especial : Transtorno do Espectro Autista (TEA)\"}]},{\"@type\":\"WebSite\",\"@id\":\"https:\/\/educa4.com.br\/#website\",\"url\":\"https:\/\/educa4.com.br\/\",\"name\":\"Educa 4\",\"description\":\"Sua Porta de Entrada para o Conhecimento.\",\"potentialAction\":[{\"@type\":\"SearchAction\",\"target\":{\"@type\":\"EntryPoint\",\"urlTemplate\":\"https:\/\/educa4.com.br\/?s={search_term_string}\"},\"query-input\":{\"@type\":\"PropertyValueSpecification\",\"valueRequired\":true,\"valueName\":\"search_term_string\"}}],\"inLanguage\":\"pt-BR\"}]}<\/script>\n<!-- \/ Yoast SEO plugin. -->","yoast_head_json":{"title":"Educa\u00e7\u00e3o Especial : Transtorno do Espectro Autista (TEA) - Educa 4","robots":{"index":"noindex","follow":"follow","max-snippet":"max-snippet:-1","max-image-preview":"max-image-preview:large","max-video-preview":"max-video-preview:-1"},"og_locale":"pt_BR","og_type":"article","og_title":"Educa\u00e7\u00e3o Especial : Transtorno do Espectro Autista (TEA) - Educa 4","og_description":"Sobre o curso O acesso de pessoas com Transtorno do Espectro Autista (TEA) \u00e0s institui\u00e7\u00f5es de educa\u00e7\u00e3o profissional foi tornando-se mais acess\u00edvel com a ado\u00e7\u00e3o do princ\u00edpio da educa\u00e7\u00e3o inclusiva. Assim, o curso de p\u00f3s-gradua\u00e7\u00e3o em Educa\u00e7\u00e3o Especial: Transtorno do &hellip; Conte\u00fado","og_url":"https:\/\/educa4.com.br\/index.php\/produto\/educacao-especial-transtorno-do-espectro-autista-tea\/","og_site_name":"Educa 4","article_modified_time":"2024-03-06T19:40:55+00:00","og_image":[{"width":1080,"height":1080,"url":"https:\/\/educa4.com.br\/wp-content\/uploads\/2024\/03\/fde5d80a-e2c7-46f7-8cbd-e9dab237b10c.jpg","type":"image\/jpeg"}],"twitter_card":"summary_large_image","twitter_misc":{"Est. tempo de leitura":"1 minuto"},"schema":{"@context":"https:\/\/schema.org","@graph":[{"@type":"WebPage","@id":"https:\/\/educa4.com.br\/index.php\/produto\/educacao-especial-transtorno-do-espectro-autista-tea\/","url":"https:\/\/educa4.com.br\/index.php\/produto\/educacao-especial-transtorno-do-espectro-autista-tea\/","name":"Educa\u00e7\u00e3o Especial : Transtorno do Espectro Autista (TEA) - Educa 4","isPartOf":{"@id":"https:\/\/educa4.com.br\/#website"},"primaryImageOfPage":{"@id":"https:\/\/educa4.com.br\/index.php\/produto\/educacao-especial-transtorno-do-espectro-autista-tea\/#primaryimage"},"image":{"@id":"https:\/\/educa4.com.br\/index.php\/produto\/educacao-especial-transtorno-do-espectro-autista-tea\/#primaryimage"},"thumbnailUrl":"https:\/\/educa4.com.br\/wp-content\/uploads\/2024\/03\/fde5d80a-e2c7-46f7-8cbd-e9dab237b10c.jpg","datePublished":"2024-03-06T19:40:54+00:00","dateModified":"2024-03-06T19:40:55+00:00","breadcrumb":{"@id":"https:\/\/educa4.com.br\/index.php\/produto\/educacao-especial-transtorno-do-espectro-autista-tea\/#breadcrumb"},"inLanguage":"pt-BR","potentialAction":[{"@type":"ReadAction","target":["https:\/\/educa4.com.br\/index.php\/produto\/educacao-especial-transtorno-do-espectro-autista-tea\/"]}]},{"@type":"ImageObject","inLanguage":"pt-BR","@id":"https:\/\/educa4.com.br\/index.php\/produto\/educacao-especial-transtorno-do-espectro-autista-tea\/#primaryimage","url":"https:\/\/educa4.com.br\/wp-content\/uploads\/2024\/03\/fde5d80a-e2c7-46f7-8cbd-e9dab237b10c.jpg","contentUrl":"https:\/\/educa4.com.br\/wp-content\/uploads\/2024\/03\/fde5d80a-e2c7-46f7-8cbd-e9dab237b10c.jpg","width":1080,"height":1080},{"@type":"BreadcrumbList","@id":"https:\/\/educa4.com.br\/index.php\/produto\/educacao-especial-transtorno-do-espectro-autista-tea\/#breadcrumb","itemListElement":[{"@type":"ListItem","position":1,"name":"Home","item":"https:\/\/educa4.com.br\/"},{"@type":"ListItem","position":2,"name":"Loja","item":"https:\/\/educa4.com.br\/index.php\/loja\/"},{"@type":"ListItem","position":3,"name":"Educa\u00e7\u00e3o Especial : Transtorno do Espectro Autista (TEA)"}]},{"@type":"WebSite","@id":"https:\/\/educa4.com.br\/#website","url":"https:\/\/educa4.com.br\/","name":"Educa 4","description":"Sua Porta de Entrada para o Conhecimento.","potentialAction":[{"@type":"SearchAction","target":{"@type":"EntryPoint","urlTemplate":"https:\/\/educa4.com.br\/?s={search_term_string}"},"query-input":{"@type":"PropertyValueSpecification","valueRequired":true,"valueName":"search_term_string"}}],"inLanguage":"pt-BR"}]}},"_links":{"self":[{"href":"https:\/\/educa4.com.br\/index.php\/wp-json\/wp\/v2\/product\/113","targetHints":{"allow":["GET"]}}],"collection":[{"href":"https:\/\/educa4.com.br\/index.php\/wp-json\/wp\/v2\/product"}],"about":[{"href":"https:\/\/educa4.com.br\/index.php\/wp-json\/wp\/v2\/types\/product"}],"replies":[{"embeddable":true,"href":"https:\/\/educa4.com.br\/index.php\/wp-json\/wp\/v2\/comments?post=113"}],"wp:featuredmedia":[{"embeddable":true,"href":"https:\/\/educa4.com.br\/index.php\/wp-json\/wp\/v2\/media\/114"}],"wp:attachment":[{"href":"https:\/\/educa4.com.br\/index.php\/wp-json\/wp\/v2\/media?parent=113"}],"wp:term":[{"taxonomy":"product_brand","embeddable":true,"href":"https:\/\/educa4.com.br\/index.php\/wp-json\/wp\/v2\/product_brand?post=113"},{"taxonomy":"product_cat","embeddable":true,"href":"https:\/\/educa4.com.br\/index.php\/wp-json\/wp\/v2\/product_cat?post=113"},{"taxonomy":"product_tag","embeddable":true,"href":"https:\/\/educa4.com.br\/index.php\/wp-json\/wp\/v2\/product_tag?post=113"}],"curies":[{"name":"wp","href":"https:\/\/api.w.org\/{rel}","templated":true}]}}